+ c + 34 = 0. What is the units digit of a?
0
What is the hundreds digit of (4518/(-9))/(-3 + 2)?
5
Suppose z - 4*d - 228 = 0, z = 4*d + d + 233. What is the hundreds digit of z?
2
Let h = -382 - -655. What is the hundreds digit of h?
2
Suppose -5*h + 92 = -8. Suppose r - 8 = -2*j - 0, -5*r = j + 5. Suppose j*o = 7*o - h. What is the units digit of o?
0
Let z(s) = 10*s**2 + 1. Let v(n) = 20*n**2 + n + 2. Let i(u) = 3*v(u) - 5*z(u). Suppose 3*b + 8 = -r - 0*r, 3*r + 4*b = -14. What is the tens digit of i(r)?
3
Let u(k) = 39*k**2 + 42*k - 19. What is the thousands digit of u(-7)?
1
Suppose 4*r = 4*v - 40, r - 29 = -2*v - 0*v. Suppose -v*i - 228 = -16*i. What is the tens digit of i?
7
Let p(c) = c**2 - 4*c - 2. Let b be p(4). Let u = -2 - b. What is the units digit of (-6)/(-1) + -3 + u?
3
What is the units digit of ((-51)/9)/(6/(-864)*3)?
2
Let q = -878 - -1662. What is the hundreds digit of q?
7
Suppose -4*f - 4*m + 2636 = 0, -3*f - 5*m = -0*f - 1969. What is the units digit of f?
3
Let s be 0*(1/(-2) - 0). Suppose -136 = 4*p - 324. Let v = p + s. What is the tens digit of v?
4
Suppose g - 2*g - 8 = 3*x, 3*g = -5*x - 28. Let t = 518 + -501. Let z = t - g. What is the tens digit of z?
2
Let h be (-106)/3 - (-4)/(-6). Let l be (-48)/h*(-30)/(-4). Suppose 0 = 11*x - l*x - 13. What is the tens digit of x?
1
Let f(s) = -s - 7. Let d(l) = -6*l - 43. Let i(a) = -6*d(a) + 39*f(a). Let y be i(-10). Let t = y + 3. What is the tens digit of t?
1
Let q(c) be the third derivative of -c**6/120 - c**5/10 - 7*c**4/24 - 13*c**3/6 + 13*c**2. What is the units digit of q(-6)?
9
Let p = -152 + 241. Suppose -5*b + p = -11. What is the units digit of b?
0
Let u(b) = -80*b + 46. Let a be u(-5). Let h = -230 + a. What is the hundreds digit of h?
2
Let f(l) = -126*l + 4. What is the thousands digit of f(-9)?
1
Suppose -3*x = -7*x + 2*f + 2696, -1356 = -2*x - 3*f. Suppose -11*q + 832 = -x. What is the tens digit of q?
3
Let f(x) = -x**3 + 21*x**2 + 12*x + 5. What is the hundreds digit of f(21)?
2
Let v = -166 + 159. Let l(g) be the third derivative of g**4/24 + 19*g**3/6 - g**2. What is the units digit of l(v)?
2
Let n(w) = 2*w**3 - 2*w**2 - 5*w + 4. Let q be n(6). Suppose 0 = 4*v + q + 126. What is the units digit of v/(-15) + (-8)/(-6)?
9
Let d(p) = -5 + 101*p + 4 - 95*p. What is the tens digit of d(5)?
2
Let r(o) = -o**3 - 2*o**2 + 3*o - 3. Let l be r(-3). Let s be (-15)/2*2/l. Suppose 56 = s*q - q. What is the tens digit of q?
1
Suppose 2*r - 6*b = -4*b - 8, -4*r + 5*b = 20. Suppose 46*o - 48*o + 172 = r. What is the units digit of o?
6
What is the units digit of 5102*-9*4/(-72)?
1
Let j(o) = -17*o**3 - 3*o**2 + 5*o + 1. What is the tens digit of j(-4)?
2
Suppose -8*d = -176 - 168. What is the tens digit of d?
4
Let d(q) = -13*q - 4. Let h be d(-3). Suppose -5*f = 2*w - 48, 4*f + 5*w = 7*f - h. What is the units digit of f?
0
Suppose 170*h = 15*h + 672545. What is the hundreds digit of h?
3
Suppose -2*l - 4*d + 2074 = 0, -9*d + 2078 = 2*l - 4*d. What is the thousands digit of l?
1
Suppose -n = -0*n + 1. Let i = 23 - -100. What is the tens digit of (i/(-6))/(n/2)?
4
Let f(w) = w**2 + w - 10. Let d(k) = k**2 + k - 7. Let m = -4 + 4. Let l be d(m). What is the units digit of f(l)?
2
Suppose 2*n - 5*n = -609. What is the tens digit of 68 - (n/63 - 4/18)?
6
Let s = 26 - 24. Let x(o) = -42 + 40 - o - 25*o**2 + 73*o**s. What is the units digit of x(-1)?
7
Suppose -4*g = -5 - 7. Suppose -4*y + 204 = g*t, 3*t - y + 42 = 246. What is the tens digit of t?
6
Let h(b) = -b**2. Let f(x) = 8*x**3 + 7*x**2 - 3*x - 10. Let q(k) = -f(k) - 5*h(k). What is the hundreds digit of q(-3)?
1
Let a(u) be the second derivative of -u**5/20 + 3*u**4/4 - 5*u**3/6 + 3*u**2/2 + 5*u. Suppose -4*g + 6*g - 16 = 0. What is the units digit of a(g)?
7
Let k = -529 + 823. What is the units digit of k?
4
Let v = 43 - 86. Let s = -17 - v. Let u = -16 + s. What is the tens digit of u?
1
Let n(a) = -a**3 - a**2 + 2*a + 2. Let k be n(0). Suppose -8*v = u - 4*v - 86, -4*u = -k*v - 398. What is the tens digit of u?
9
Let j(d) = 11 + 108*d + 3*d**2 - 4*d**2 - 65*d - 1 - 53*d. Let x(b) = -2*b + 4. Let h be x(5). What is the tens digit of j(h)?
3
Let j be 11 + -4 + -1*2. Suppose -j*m = -593 - 657. What is the units digit of m?
0
Let q(s) = -8*s + 4. Let x be q(-4). Let b be ((-81)/(-18))/(2/x). Suppose v + 25 = -4*v, -4*a - 3*v = -b. What is the tens digit of a?
2
Suppose 4*i - 5*q - 140 = -q, 5*i - 4*q = 176. Let d = i + -27. Suppose -m + d = -70. What is the units digit of m?
9
Let m = 41 - 37. Suppose m*o - 2*o - 8 = 0. What is the units digit of o?
4
Let w(l) = 3*l - 1. Suppose -4*h = 2*k - 14, -4*h + 0 = -4*k + 16. Let c be w(h). What is the units digit of c/6*(6 - 3)?
1
Suppose -4 + 14 = 2*x. Suppose 0 = -2*t + 4*t - 4. Suppose -x*y + 10 = 0, 0*j = 3*j - t*y - 137. What is the units digit of j?
7
Let m(j) = -32*j**3 - 9*j**2 - 11*j. Let d(p) = -21*p**3 - 6*p**2 - 7*p. Let s = -9 - -4. Let z(i) = s*m(i) + 8*d(i). What is the tens digit of z(-2)?
5
Let x(p) = 27*p - 1. Let f(k) = k**3 + 3*k**2 - 3*k + 7. Let l be f(-4). Suppose -7*m - l = -10. What is the units digit of x(m)?
6
Let h = -365 - -1391. What is the thousands digit of h?
1
Let o = -140 + -10. Let x = o - -252. What is the tens digit of x?
0
Suppose 2*d + 8 = 4*d. Let x be (-3 + 18/10)/((-4)/130). Suppose 3*g + d*j - x = -j, -j - 21 = -3*g. What is the units digit of g?
8
Suppose 3*p - 358 = 53. Let i = 229 - p. What is the units digit of i?
2
What is the units digit of (-30)/150 + 9392/10?
9
Let g(v) = 269*v - 11. Let d be g(7). Suppose 18*f - 9*f - d = 0. What is the units digit of f?
8
Let q = -15 - -19. Suppose 264 = 8*l - q*l. What is the tens digit of l?
6
What is the tens digit of ((-2)/(-5))/1 - (-3879)/15?
5
Let c(y) = y**3 + 6*y**2 + 2*y - 12. Let t be c(-5). Suppose -148 = -t*b - b. What is the units digit of b?
7
Let i(s) = -4*s - s - 7*s**2 + 2*s**3 + 4*s. Let k(o) = o**2. Let p(g) = i(g) + 5*k(g). What is the units digit of p(3)?
3
Suppose -4*t - 4*s = -148, -2*t = -3*t - 3*s + 37. Suppose -3*m + 152 = -5*z - t, 5*m - 3*z = 299. What is the units digit of m?
8
Let z(d) = -18*d**3 + 2*d**2 - 6*d - 58. What is the hundreds digit of z(-4)?
1
Let o(t) be the third derivative of -t**6/120 - t**5/60 + t**4/3 + 2*t**3/3 - t**2. Let u be o(-3). What is the units digit of u/(-6) - 156/(-18)?
9
What is the hundreds digit of 3*33047/105*5?
7
Suppose -10080 = -22*o - 1588. What is the hundreds digit of o?
3
Suppose 0 = 4*g - 2*g + 10. Let y(l) = 2*l**2 - 3*l - 29. What is the units digit of y(g)?
6
Suppose 0 = -x + 49 + 8. What is the units digit of x?
7
Let r(l) = -4*l - 34. Let i be (-2)/8 - 553/28. What is the tens digit of r(i)?
4
Let l = 10 + 14. Let v be (-1456)/l*18/(-4). Suppose -10*u = -197 - v. What is the tens digit of u?
4
Let m(k) = -k**2 - 5*k + 739. What is the tens digit of m(0)?
3
Let m be (6 + (-96)/18)/(1/135). Let u = m + 20. What is the units digit of u?
0
Let p(x) = 18*x - 7. Let t be p(5). Let v = -45 + t. What is the tens digit of v?
3
Let k(x) = 2*x + 69. Let o(d) = 8*d + 277. Let w(r) = 9*k(r) - 2*o(r). What is the tens digit of w(22)?
1
Let w be 385/25 + -1 - (-6)/10. Suppose w*h + 510 = 20*h. What is the hundreds digit of h?
1
Let d = 134 - -617. What is the units digit of d?
1
Let z(t) be the first derivative of 5*t**3/3 - 13*t**2/2 + 8*t + 9. What is the units digit of z(5)?
8
Let v(n) = 5*n + 1. Let o be v(4). Let i be 1 - (2 - (-1)/(-1)). Suppose 2*c + o - 149 = i. What is the units digit of c?
4
Suppose 0 = -4*n - t + 439, -8*n + 5*n - 4*t + 313 = 0. What is the hundreds digit of n?
1
Let f be (24/(-60))/((-1)/(-725)). What is the hundreds digit of (f/4)/(11/(-22))?
1
Suppose -49*b = 20*b - 6210. What is the tens digit of b?
9
Let x(k) = -6*k - 7 + 0*k - 4. Let f be x(-4). Let a(s) = 2*s + 13. What is the units digit of a(f)?
9
Let k(l) = -l**3 + l**2 - 1. Let h(d) = -2*d**3 - 7*d**2 - 4*d. Let a(v) = h(v) + 6*k(v). What is the units digit of a(-3)?
3
Suppose s - 3 = 2. Suppose -p - 4*c + 11 = -c, 0 = s*p - 3*c - 1. What is the units digit of (-212)/(-4) + p*1?
5
Suppose -5*i = -5*m + 3010, 122 + 482 = m - 3*i. What is the tens digit of m?
0
Let r(m) = -m**3 + 3*m**2 - 2*m - 4. Let l be r(-4). Suppose 0 = 4*k 